v - 602 + 30 = 0. What are the prime factors of v?
2, 11, 13
Suppose 6*x - x = -5. Let u be (-14 - (-1)/x)*1. What are the prime factors of (u/6)/(1/(-2))?
5
Let m = 18 - 15. Suppose m*l + 67 = 5*y, -2*y + l + 18 = 2*l. What are the prime factors of y?
11
Suppose l = -2*l + 6. Let s be l + 0*(-3 - -2). Suppose 46 = 5*q + s*w, 3*q - 4*w = 2*q + 18. What are the prime factors of q?
2, 5
Suppose 5*d + 118 = 4*d. Let p be d/(-6) - 2/(-6). Suppose 5*i + 0*i - p = 0. List the prime factors of i.
2
Suppose -2*w = 4, 4*m + 5*w + 3 = 5. What are the prime factors of m?
3
Let b = 27 - 50. Let x = -10 - b. List the prime factors of x.
13
Let c = 19 - 19. Suppose c*g - 162 = -3*g. List the prime factors of g.
2, 3
Let g = 6 - -2. What are the prime factors of g?
2
Let d(c) = -c**3 + 9*c**2 - 4*c - 4. Let y be d(8). What are the prime factors of 0 + -3 + 2 + y?
3
Suppose -w + 4*l + 171 = 7, -4*w + 644 = -4*l. List the prime factors of w.
2, 5
Suppose -2 = s, -3*t - 4*s - s + 44 = 0. Suppose 3*i - i = t. What are the prime factors of i?
3
Let g be (-22)/(-8) - 2/(-8). Let h(m) = -2*m - g*m + 4*m + 1. List the prime factors of h(-1).
2
Suppose -2*j = 4*k + 100 - 554, 0 = -5*j + 15. List the prime factors of k.
2, 7
List the prime factors of (-76)/6*(-90)/20.
3, 19
Let w be -3 + 1 + 3 + -4. What are the prime factors of 3 + (26 - (w + 3))?
29
Let k(u) = -4*u**3 - 3*u**2 - 3*u - 1. What are the prime factors of k(-2)?
5
Suppose -x = -2*x. Suppose -4*c - 120 = -4*p - x*c, 3*p = -3*c + 66. What are the prime factors of p?
2, 13
Let y(h) = 64*h**2 - h - 2. What are the prime factors of y(-1)?
3, 7
Suppose 2*h - 12 - 8 = 0. Suppose h = 4*x - 6. Suppose -5*d + 2 + 3 = 0, -51 = -5*l + x*d. What are the prime factors of l?
11
Let v = -42 + 122. List the prime factors of v.
2, 5
Suppose 8 - 4 = w. Let t be 4/6*6/w. List the prime factors of (-14)/6*(-5 - t).
2, 7
Let s(o) be the third derivative of o**6/120 - 11*o**5/60 + 7*o**3/6 + o**2. Let f be s(11). Let n = f - -14. List the prime factors of n.
3, 7
Let v = 83 - 146. Let z = 44 + v. Let j = -7 - z. List the prime factors of j.
2, 3
Let q be (-1 + 3 + -2)/1. Suppose q = -4*y + 13 - 5. List the prime factors of y.
2
Suppose 5 = -2*i - 5. Let m = i - -10. List the prime factors of m.
5
Suppose 3*j - 5*u = 5*j + 17, -5 = u. Let q(o) = 7*o - j*o**2 + 4 + o**2 - o**3 - 5. List the prime factors of q(-5).
2, 7
Suppose 0*m + n = -3*m - 26, n - 6 = m. Let v = 12 + m. What are the prime factors of v?
2
Suppose 2*a + 3 = -o + 6, -a = -4*o - 6. List the prime factors of (-2)/(o/(-8)*-2).
2
Let s = -9 + -2. Let z be -4*(-1)/2 - 4. Let t = z - s. What are the prime factors of t?
3
Let s(j) = -2*j**3 - 2*j**2 - j + 7. List the prime factors of s(-4).
107
Let w(q) = 11*q**3 - 7*q**2 - 8*q + 14. Let s(c) = 7*c**3 - 5*c**2 - 5*c + 9. Let g(z) = -8*s(z) + 5*w(z). What are the prime factors of g(4)?
2, 7
Suppose -1 = -0*y - y. Suppose -2*z + y = -7. List the prime factors of z.
2
Suppose -6*g + 510 + 402 = 0. What are the prime factors of g?
2, 19
Let i(k) = -5*k + 100. What are the prime factors of i(0)?
2, 5
Let c = -5 + 2. Let g = 5 + c. List the prime factors of g.
2
Let p = 2 - -4. List the prime factors of p.
2, 3
Let u be (1/2)/((-5)/90). What are the prime factors of u*(10/(-6))/1?
3, 5
Let f be ((-4)/10)/(1/10). List the prime factors of (-5)/(-20) - 39/f.
2, 5
Suppose 5*z - 206 = 34. What are the prime factors of z?
2, 3
What are the prime factors of (216/(-15))/(3/(-10))?
2, 3
Suppose 0 = -n + 41 - 7. What are the prime factors of n?
2, 17
Suppose 2*i = 4*i + 10. Let y(b) = -b**2 - 8*b - 4. List the prime factors of y(i).
11
Suppose -2*g = 35 - 3. Let d be (1 + 3)*(-12)/g. Suppose 0 = d*f - 6*f + 27. List the prime factors of f.
3
Suppose 4*a - 60 = -4*j, -3*j + 4 = 5*a - 45. List the prime factors of j.
13
Let h be (5 - 1)*(0 + -1). List the prime factors of (1 - -1) + (-32)/h.
2, 5
Let n(p) = -p**3 + 15*p**2 - p + 17. Let f be n(15). Suppose 4*g - 29 = -4*y + 75, -3*y - 32 = -f*g. What are the prime factors of g?
2, 11
Let b(d) = 14*d**2 + 9*d + 2. What are the prime factors of b(3)?
5, 31
Let f(o) = 12 + o**3 + 8*o**2 - 3*o - 8 - 7. List the prime factors of f(-8).
3, 7
What are the prime factors of (3 - 295/15)*-18?
2, 3, 5
Suppose p - 9 - 12 = 0. List the prime factors of p.
3, 7
Suppose g = -5*s + 150, 4*g = 3*s + 666 - 20. What are the prime factors of g?
2, 5
Suppose -105 = -4*u + 43. Let t = u - 14. List the prime factors of t.
23
Let a = 5 + 1. Let t(m) = m**3 - 13*m**2 + 11*m + 2. Let q(n) = -3*n**3 + 38*n**2 - 32*n - 6. Let d(v) = 6*q(v) + 17*t(v). List the prime factors of d(a).
2
Let j(k) = -k + k - k + 4. What are the prime factors of j(-8)?
2, 3
Suppose 8*p - 4*p = 16. Suppose p*y = 2*y + 28. List the prime factors of y.
2, 7
Suppose r - 8 = -2*g, 4*g + 4*r = -g + 26. List the prime factors of 29 - (-2 + g)/(-2).
29
Let n(m) = -m**2 - 1. Let b(a) = -4*a**2 + 7*a - 7. Let y(u) = -b(u) + 2*n(u). Suppose -4*v + 0*v - p = -12, -2*p + 8 = 4*v. What are the prime factors of y(v)?
3
Suppose -3*h = h. Suppose 0 = -2*i - 2 - h. What are the prime factors of (-1)/(1/11*i)?
11
Suppose -2*b + 13 = 7. Let h be 1 - ((-2)/(-1) - 10). Suppose b*g + h = u - 0*u, -5*g - 29 = -4*u. List the prime factors of u.
2, 3
Suppose m - 16 = -0*m. What are the prime factors of m?
2
Suppose 4*c - 3*c = 12. Let v = c - 18. List the prime factors of 2*((-45)/v)/3.
5
Let c(w) = 2*w + 4. Let l be c(0). Suppose -l*r + 9*r = 40. List the prime factors of r.
2
Let a(l) = -l**2 - 8*l + 8. List the prime factors of a(-6).
2, 5
Let j(m) = -4*m - 7. List the prime factors of j(-4).
3
Let t = -9 + 12. Suppose -t*k - k - 5*b = 10, -5*b - 10 = 0. Suppose -a + k*a = -8. List the prime factors of a.
2
Suppose 0 = 2*v - 2*c - 2, -5*c - 11 = 5*v + 4. Let m = 5 + -2. What are the prime factors of m - (1 + 3*v)?
5
Let j be 2/4*(-4)/(-1). Let h = 8 - -7. Suppose h = j*o + o. What are the prime factors of o?
5
Suppose 4*o - 17 = -1. Suppose -v - 3*b = v - 61, -o*b - 164 = -5*v. List the prime factors of v.
2
Suppose 0 = -2*v + 7*v - 130. Suppose -n - q + 20 = n, 0 = -2*n - 4*q + v. What are the prime factors of n?
3
Let d be 3 - (-3 + 4/2). Suppose -d*o + 137 = -3. What are the prime factors of o?
5, 7
Suppose 1 = -n + 12. Suppose -51 = -2*k - n. What are the prime factors of k?
2, 5
Let x be -23 + (14/(-2) - -3). Let q = -24 - x. What are the prime factors of q?
3
What are the prime factors of -9*4/6 - -188?
2, 7, 13
Let h(f) = 6*f**3 + 2*f + 1. Let t be h(-1). Let i be 1/(-2) + (-28)/(-8). Let u = i - t. List the prime factors of u.
2, 5
Let b(m) = 4*m - 18. What are the prime factors of b(15)?
2, 3, 7
Let z be (-10)/(-4*(-2)/(-4)). What are the prime factors of (-2)/(-5) + 53/z?
11
What are the prime factors of ((-306)/(-15))/((-80)/(-25) - 3)?
2, 3, 17
Let u(h) = 19*h + 5. Let d be u(3). List the prime factors of d*(-2)/12*-3.
31
Suppose 0 = -4*g + 4*t + 144, -t - 7 = -4. Suppose 162 = p + g. List the prime factors of 2/(-6) + p/9.
2, 7
Let g(w) = -w**3 + 7*w**2 + 7*w + 3. Let c be g(8). Let o = -2 - c. List the prime factors of (o/(-2))/(2/(-12)).
3
Let f = 7 - 13. Let s = f - -11. Suppose 2*v = 4*k + 3*v - 36, 2*k - s*v = -4. What are the prime factors of k?
2
Let z = 7 - 3. Suppose -5*l = z*f + f - 30, -2*f = -l - 3. Suppose -f*v = 4*g - 0*v - 51, v = 2*g - 33. What are the prime factors of g?
3, 5
What are the prime factors of -4*(-1)/26 + 17648/208?
5, 17
Let r(m) = -2*m**2 + m - 1. Let y be r(1). Suppose 3*k = s, -4*k + 2 = -s - s. List the prime factors of 8 + k - (y + 2).
7
Let w(t) = t + 31. List the prime factors of w(-15).
2
Let r be 3 - 5 - (0 - 4). Let y be 22/r - (2 + -3). Let a = 23 - y. List the prime factors of a.
11
Let r(l) be the third derivative of l**5/15 + l**4/24 + l**3/6 + 3*l**2. What are the prime factors of r(-1)?
2
Let l = 308 + -171. List the prime factors of l.
137
List the prime factors of 0 - 172/8*-2.
43
Suppose 0 = -4*w + 6*w + m - 9, -2*w = -3*m + 3. What are the prime factors of 14/(((-9)/w)/(-3))?
2, 7
Suppose -150 = -5*u - 0*u. List the prime factors of u.
2, 3, 5
Let n = -13 + 138. What are the prime factors of n?
5
Suppose 0 = 4*y - y - 12. Suppose y*t = -0*t + 40. List the prime factors of t.
2, 5
Suppose 4